rime?
False
Is 2024496055 a prime number?
False
Is 23734017347 composite?
True
Is 12282448611 composite?
True
Is 171149243 prime?
False
Is 6526983857 a composite number?
False
Is 832455311 composite?
True
Is 8212838507 a composite number?
True
Is 3233983043 a composite number?
False
Is 444156187 prime?
False
Is 92512970285 prime?
False
Is 4398256361 a composite number?
False
Is 3202473643 a composite number?
True
Is 2589190709 composite?
True
Is 124382019 a prime number?
False
Is 848737369 a prime number?
False
Is 33885541 composite?
False
Is 28018455347 a prime number?
True
Is 17628670529 prime?
False
Is 82188336871 a prime number?
True
Is 1686970939 prime?
False
Is 85930698991 prime?
True
Is 9821628413 a composite number?
True
Is 5449614127 a composite number?
False
Is 830017897 a prime number?
True
Is 54020247019 composite?
False
Is 28665790787 a prime number?
False
Is 34622314973 prime?
False
Is 1061857253 prime?
True
Is 3694188469 a prime number?
False
Is 68432862577 prime?
True
Is 10982645861 a prime number?
False
Is 2467957169 composite?
True
Is 5047764682 composite?
True
Is 75162115279 a composite number?
False
Is 1483614883 composite?
False
Is 31723698101 composite?
True
Is 681525633 prime?
False
Is 14470346509 prime?
False
Is 425231173 prime?
True
Is 177883961 a prime number?
True
Is 2665906543 a prime number?
False
Is 1240783393 a composite number?
True
Is 13317830947 prime?
False
Is 9239195527 a composite number?
False
Is 2421489649 a prime number?
False
Is 3202245439 a composite number?
True
Is 3765238933 composite?
False
Is 130126483 composite?
True
Is 7482132799 prime?
False
Is 167118643435 a composite number?
True
Is 3061496741 a prime number?
False
Is 976925981 composite?
False
Is 101836417 a prime number?
False
Is 313330989289 a prime number?
False
Is 35839651751 composite?
True
Is 86455211 composite?
False
Is 143906533 a prime number?
True
Is 317490172123 composite?
False
Is 6924706201 composite?
True
Is 4627977509 a composite number?
False
Is 85924705 a composite number?
True
Is 120600901 a composite number?
False
Is 6020600627 composite?
True
Is 19090314437 a prime number?
True
Is 89442407551 prime?
False
Is 10538540113 prime?
False
Is 6970818115 a prime number?
False
Is 6872660027 prime?
True
Is 4785230641 composite?
False
Is 109671467 prime?
False
Is 26019041837 composite?
False
Is 2263457527 a composite number?
False
Is 2126908513 composite?
True
Is 112874453677 composite?
True
Is 35571180401 a composite number?
True
Is 1903091569 a composite number?
False
Is 425411813 a composite number?
True
Is 1709197409 a composite number?
False
Is 158423261441 a prime number?
True
Is 1524040493 composite?
True
Is 6785851871 composite?
True
Is 778264013 composite?
False
Is 547662067 a prime number?
False
Is 7437094989 prime?
False
Is 2823644419 a composite number?
False
Is 502401803 a composite number?
False
Is 31629673279 prime?
True
Is 75726767 composite?
False
Is 35910859 a composite number?
True
Is 2732344117 a composite number?
False
Is 2554958303 a composite number?
False
Is 487573309 a prime number?
False
Is 62343755917 a composite number?
True
Is 84584781689 composite?
False
Is 6091642649 a composite number?
True
Is 47875178639 a prime number?
False
Is 2462135779 prime?
False
Is 3537397901 composite?
False
Is 145354117 a composite number?
False
Is 592386377 a composite number?
True
Is 47916518379 composite?
True
Is 2029567549 a composite number?
True
Is 536941991 prime?
False
Is 4998957979 a prime number?
False
Is 19279875091 composite?
True
Is 1261285271 prime?
False
Is 1319392469 a prime number?
True
Is 1125558417 a composite number?
True
Is 158629769 composite?
False
Is 156181027 composite?
True
Is 1908875699 a prime number?
False
Is 5338052593 a composite number?
True
Is 11891125481 a prime number?
True
Is 239633047 prime?
False
Is 253974113 prime?
True
Is 6949529177 a composite number?
False
Is 3476605049 composite?
False
Is 22600939297 prime?
True
Is 901273691 a prime number?
False
Is 536378629 composite?
True
Is 309193229 a prime number?
False
Is 9653343487 a composite number?
True
Is 7278939769 a composite number?
False
Is 2394922079 a composite number?
True
Is 6072483037 prime?
True
Is 43638265439 a prime number?
True
Is 564640849 a composite number?
False
Is 68543295791 composite?
True
Is 16795632533 a prime number?
False
Is 2307546019 composite?
False
Is 466283773 a composite number?
False
Is 2641048045 prime?
False
Is 960797639 prime?
True
Is 1155227411 prime?
False
Is 23608573381 composite?
False
Is 9706207481 a prime number?
True
Is 4661192981 composite?
False
Is 38350217069 prime?
True
Is 1764411139 composite?
False
Is 9253445837 a composite number?
False
Is 23858257651 composite?
False
Is 20798953354 a composite number?
True
Is 2931948403 composite?
False
Is 262901321 prime?
True
Is 2185686049 composite?
True
Is 2989131983 prime?
True
Is 58507625317 composite?
False
Is 600613901 prime?
True
Is 37278847 composite?
True
Is 4674159043 a prime number?
False
Is 3729530374 composite?
True
Is 1143743065 prime?
False
Is 13495310707 composite?
True
Is 117690956731 prime?
False
Is 88869313733 a prime number?
True
Is 4182103669 a composite number?
False
Is 6138931427 a prime number?
True
Is 29888915131 prime?
True
Is 451873529 composite?
False
Is 1252486259 prime?
True
Is 125182177 a prime number?
False
Is 4419394493 a prime number?
True
Is 104441345579 composite?
False
Is 291170183 a composite number?
False
Is 268352851 prime?
False
Is 339147071579 a prime number?
True
Is 4510978097 prime?
True
Is 6134062933 a composite number?
False
Is 4721396129 a composite number?
True
Is 110080966529 prime?
True
Is 1682393039 a composite number?
True
Is 1201625993 a composite number?
False
Is 59026995827 composite?
False
Is 13332989119 a prime number?
True
Is 539299961 composite?
False
Is 136623853349 a prime number?
False
Is 27313555079 prime?
False
Is 2069177 a prime number?
False
Is 1620188627 a composite number?
False
Is 37883013719 a composite number?
True
Is 26860690483 a prime number?
False
Is 9815460113 a composite number?
False
Is 4730156629 a prime number?
False
Is 6946795213 composite?
False
Is 956398441 a prime number?
False
Is 3568042669 a prime number?
False
Is 328859303 prime?
True
Is 7541416829 a composite number?
True
Is 49109938601 a composite number?
False
Is 38672449 composite?
True
Is 9187010323 prime?
False
Is 7950550567 composite?
True
Is 6231265013 composite?
False
Is 289910678 composite?
True
Is 43337470049 a prime number?
False
Is 1245159691 a composite number?
True
Is 9024630919 a prime number?
False
Is 29895238621 prime?
True
Is 4377130259 a prime number?
True
Is 1040527469 composite?
False
Is 24833782307 composite?
False
Is 201035913713 composite?
False
Is 70184909 a prime number?
False
Is 24977296669 a prime number?
False
Is 89042806739 composite?
False
Is 532713767 composite?
False
Is 38445348199 composite?
False
Is 71182198259 prime?
False
Is 5171734419 prime?
False
Is 1296963083 a prime number?
False
Is 206177441 composite?
False
Is 4527015837 a composite number?
True
Is 390465059 a composite number?
True
Is 11855257187 a composite number?
True
Is 2370391097 composite?
True
Is 80802409 composite?
True
Is 1648305401 a prime number?
True
Is 897400519 composite?
False
Is 8727986143 composite?
True
Is 6906460193 prime?
False
Is 217967437 prime?
False
Is 539003963 a composite number?
False
Is 37017091633 a prime number?
False
Is 14926419961 composite?
True
Is 2525497669 a prime number?
True
Is 30701886887 composite?
True
Is 235492373 a composite number?
False
Is 436245559 prime?
True
Is 1109407763 a prime number?
False
Is 11327457665 a composite number?
True
Is 28397861 composite?
False
Is 204861817 prime?
True
Is 4934555071 a prime number?
False
Is 1979222177 a composite number?
True
Is 1317536069 composite?
True
Is 10063967755 prime?
False
Is 103906057 a composite number?
True
Is 5182235507 prime?
True
Is 13156550077 a prime number?
False
Is 25828752449 a prime number?
False
Is 107868779079 a composite number?
True
Is 166989811 a composite number?
False
Is 1326043597 a prime number?
False
Is 9651512951 composite?
False
Is 387804539 a prime number?
True
Is 85254661 prime?
True
Is 1201781921 a compo